{"id":4685,"date":"2023-02-12T18:41:40","date_gmt":"2023-02-12T15:41:40","guid":{"rendered":"https:\/\/russtico.com\/?page_id=4685"},"modified":"2023-02-12T18:41:40","modified_gmt":"2023-02-12T15:41:40","slug":"guatemala","status":"publish","type":"page","link":"https:\/\/russtico.com\/?page_id=4685&lang=es","title":{"rendered":"Guatemala"},"content":{"rendered":"\n<p>Guatemala es un pa\u00eds rico en cultura, historia y paisajes naturales impresionantes, lo que lo convierte en un destino tur\u00edstico muy atractivo. A continuaci\u00f3n, te presento algunos de los principales atractivos tur\u00edsticos de Guatemala:<\/p>\n\n\n\n<ol class=\"wp-block-list\">\n<li>Antigua Guatemala: Antigua es una ciudad colonial que fue la capital de Guatemala hasta el siglo XVIII. En ella se pueden encontrar iglesias, plazas, y calles empedradas que datan de la \u00e9poca colonial.<\/li>\n\n\n\n<li>Tikal: Tikal es una de las antiguas ciudades mayas m\u00e1s grandes e importantes del mundo. Se encuentra ubicada en la selva de Pet\u00e9n y cuenta con impresionantes templos y pir\u00e1mides mayas.<\/li>\n\n\n\n<li>Lago de Atitl\u00e1n: El Lago de Atitl\u00e1n es un lago rodeado de volcanes y monta\u00f1as. Es considerado uno de los lagos m\u00e1s hermosos del mundo y es un lugar ideal para practicar deportes acu\u00e1ticos, hacer senderismo y disfrutar de la naturaleza.<\/li>\n\n\n\n<li>Chichicastenango: Chichicastenango es una ciudad ubicada en las monta\u00f1as de Guatemala y es famosa por su mercado al aire libre. En este mercado se pueden encontrar artesan\u00edas, ropa tradicional y comida t\u00edpica.<\/li>\n\n\n\n<li>Semuc Champey: Semuc Champey es un conjunto de piscinas naturales de agua cristalina ubicadas en la selva de Guatemala. Es un lugar ideal para hacer senderismo, nadar y disfrutar de la naturaleza.<\/li>\n\n\n\n<li>Quetzaltenango: Quetzaltenango es una ciudad ubicada en las monta\u00f1as de Guatemala y es conocida por su arquitectura colonial y sus aguas termales naturales.<\/li>\n\n\n\n<li>Parque Nacional El Mirador: El Parque Nacional El Mirador es un lugar poco conocido pero de gran importancia hist\u00f3rica. Cuenta con impresionantes ruinas mayas y es considerado uno de los mayores descubrimientos arqueol\u00f3gicos de Guatemala.<\/li>\n\n\n\n<li>Izabal: La regi\u00f3n de Izabal es conocida por sus playas, sus bosques y sus r\u00edos. Es un lugar perfecto para disfrutar del sol y la naturaleza.<\/li>\n\n\n\n<li>Volc\u00e1n Pacaya: Uno de los volcanes m\u00e1s activos de Guatemala, se puede subir hasta la cima y disfrutar de una vista impresionante.<\/li>\n\n\n\n<li>Livingston: Un hermoso pueblo costero en la costa del Caribe, conocido por sus playas y ambiente relajado.<\/li>\n<\/ol>\n\n\n\n<p>Estos son solo algunos de los muchos atractivos tur\u00edsticos que Guatemala tiene para ofrecer. \u00a1No dudes en visitar este hermoso pa\u00eds y descubrir todo lo que tiene para ofrecer!<\/p>\n\n\n\n<div class=\"wp-block-buttons is-layout-flex wp-block-buttons-is-layout-flex\">\n<div class=\"wp-block-button aligncenter\"><a class=\"wp-block-button__link wp-element-button\" href=\"\/es\/destinations\/guatemala\">Excursiones en Guatemala<\/a><\/div>\n<\/div>\n\n\n\n<iframe loading=\"lazy\" width=\"650\" height=\"450\"\n        src=\"https:\/\/embed.windy.com\/embed2.html?lat=15.856&#038;lon=-90.341&#038;detailLat=49.971&#038;detailLon=82.610&#038;width=650&#038;height=450&#038;zoom=7&#038;level=surface&#038;overlay=wind&#038;product=ecmwf&#038;menu=&#038;message=true&#038;marker=&#038;calendar=now&#038;pressure=&#038;type=map&#038;location=coordinates&#038;detail=&#038;metricWind=default&#038;metricTemp=default&#038;radarRange=-1\"\n        frameborder=\"0\"><\/iframe>\n\n\n<div class=\"pgc-sgb-cb wp-block-pgcsimplygalleryblock-masonry \" data-gallery-id=\"32b63673\"><div class=\"sgb-preloader\" id=\"pr_32b63673\">\n\t<div class=\"sgb-square\" style=\"background:#d4d4d4\"><\/div>\n\t<div class=\"sgb-square\" style=\"background:#d4d4d4\"><\/div>\n\t<div class=\"sgb-square\" style=\"background:#d4d4d4\"><\/div>\n\t<div class=\"sgb-square\" style=\"background:#d4d4d4\"><\/div><\/div><div class=\"simply-gallery-amp pgc_sgb_slider \" style=\"display: none;\"><div class=\"sgb-gallery\"><div class=\"sgb-item\"><a href=\"http:\/\/russtico.com\/wp-content\/uploads\/2020\/01\/vista-volcan-pacaya-santiago-billy-885x500-1.jpg\"><img decoding=\"async\" alt=\"\" width=\"885\" height=\"500\" loading=\"lazy\" src=\"http:\/\/russtico.com\/wp-content\/uploads\/2020\/01\/vista-volcan-pacaya-santiago-billy-885x500-1.jpg\" srcset=\",http:\/\/russtico.com\/wp-content\/uploads\/2020\/01\/vista-volcan-pacaya-santiago-billy-885x500-1.jpg 885w\" sizes=\"auto, 250px\"\/><\/a><\/div><div class=\"sgb-item\"><a href=\"http:\/\/russtico.com\/wp-content\/uploads\/2020\/01\/Castillo-de-San-Felipe-de-Lara-en-Izabal-1024x767-1.jpg\"><img decoding=\"async\" alt=\"\" width=\"1024\" height=\"767\" loading=\"lazy\" src=\"http:\/\/russtico.com\/wp-content\/uploads\/2020\/01\/Castillo-de-San-Felipe-de-Lara-en-Izabal-1024x767-1.jpg\" srcset=\",http:\/\/russtico.com\/wp-content\/uploads\/2020\/01\/Castillo-de-San-Felipe-de-Lara-en-Izabal-1024x767-1.jpg 1024w\" sizes=\"auto, 250px\"\/><\/a><\/div><div class=\"sgb-item\"><a href=\"http:\/\/russtico.com\/wp-content\/uploads\/2022\/02\/antigua-2.jpeg\"><img decoding=\"async\" alt=\"\" width=\"1024\" height=\"683\" loading=\"lazy\" src=\"http:\/\/russtico.com\/wp-content\/uploads\/2022\/02\/antigua-2.jpeg\" srcset=\",http:\/\/russtico.com\/wp-content\/uploads\/2022\/02\/antigua-2.jpeg 1024w\" sizes=\"auto, 250px\"\/><\/a><\/div><div class=\"sgb-item\"><a href=\"http:\/\/russtico.com\/wp-content\/uploads\/2022\/06\/ANTIGUA-FREDY-MURPHY-CMYK.jpg\"><img decoding=\"async\" alt=\"\" width=\"1024\" height=\"643\" loading=\"lazy\" src=\"http:\/\/russtico.com\/wp-content\/uploads\/2022\/06\/ANTIGUA-FREDY-MURPHY-CMYK.jpg\" srcset=\",http:\/\/russtico.com\/wp-content\/uploads\/2022\/06\/ANTIGUA-FREDY-MURPHY-CMYK.jpg 1024w\" sizes=\"auto, 250px\"\/><\/a><\/div><div class=\"sgb-item\"><a href=\"http:\/\/russtico.com\/wp-content\/uploads\/2019\/07\/antigua-1051124.jpg\"><img decoding=\"async\" alt=\"\" width=\"2272\" height=\"1704\" loading=\"lazy\" src=\"http:\/\/russtico.com\/wp-content\/uploads\/2019\/07\/antigua-1051124.jpg\" srcset=\",http:\/\/russtico.com\/wp-content\/uploads\/2019\/07\/antigua-1051124.jpg 2272w\" sizes=\"auto, 250px\"\/><\/a><\/div><div class=\"sgb-item\"><a href=\"http:\/\/russtico.com\/wp-content\/uploads\/2020\/01\/hotel-atitlan-2.jpg\"><img decoding=\"async\" alt=\"\" width=\"1024\" height=\"768\" loading=\"lazy\" src=\"http:\/\/russtico.com\/wp-content\/uploads\/2020\/01\/hotel-atitlan-2.jpg\" srcset=\",http:\/\/russtico.com\/wp-content\/uploads\/2020\/01\/hotel-atitlan-2.jpg 1024w\" sizes=\"auto, 250px\"\/><\/a><\/div><div class=\"sgb-item\"><a href=\"http:\/\/russtico.com\/wp-content\/uploads\/2020\/01\/Hotel-Atitlan.jpg\"><img decoding=\"async\" alt=\"\" width=\"1100\" height=\"733\" loading=\"lazy\" src=\"http:\/\/russtico.com\/wp-content\/uploads\/2020\/01\/Hotel-Atitlan.jpg\" srcset=\",http:\/\/russtico.com\/wp-content\/uploads\/2020\/01\/Hotel-Atitlan.jpg 1100w\" sizes=\"auto, 250px\"\/><\/a><\/div><div class=\"sgb-item\"><a href=\"http:\/\/russtico.com\/wp-content\/uploads\/2019\/12\/lago-atitlan.jpg\"><img decoding=\"async\" alt=\"\" width=\"1024\" height=\"683\" loading=\"lazy\" src=\"http:\/\/russtico.com\/wp-content\/uploads\/2019\/12\/lago-atitlan.jpg\" srcset=\",http:\/\/russtico.com\/wp-content\/uploads\/2019\/12\/lago-atitlan.jpg 1024w\" sizes=\"auto, 250px\"\/><\/a><\/div><div class=\"sgb-item\"><a href=\"http:\/\/russtico.com\/wp-content\/uploads\/2021\/08\/temple-great-jaguar-tikal.jpg\"><img decoding=\"async\" alt=\"\" width=\"1900\" height=\"1267\" loading=\"lazy\" src=\"http:\/\/russtico.com\/wp-content\/uploads\/2021\/08\/temple-great-jaguar-tikal.jpg\" srcset=\",http:\/\/russtico.com\/wp-content\/uploads\/2021\/08\/temple-great-jaguar-tikal.jpg 1900w\" sizes=\"auto, 250px\"\/><\/a><\/div><div class=\"sgb-item\"><a href=\"http:\/\/russtico.com\/wp-content\/uploads\/2019\/07\/Tikal-foto.jpg\"><img decoding=\"async\" alt=\"\" width=\"1500\" height=\"1001\" loading=\"lazy\" src=\"http:\/\/russtico.com\/wp-content\/uploads\/2019\/07\/Tikal-foto.jpg\" srcset=\",http:\/\/russtico.com\/wp-content\/uploads\/2019\/07\/Tikal-foto.jpg 1500w\" sizes=\"auto, 250px\"\/><\/a><\/div><div class=\"sgb-item\"><a href=\"http:\/\/russtico.com\/wp-content\/uploads\/2021\/08\/el-mirador-en-guatemala.jpg\"><img decoding=\"async\" alt=\"\" width=\"1023\" height=\"630\" loading=\"lazy\" src=\"http:\/\/russtico.com\/wp-content\/uploads\/2021\/08\/el-mirador-en-guatemala.jpg\" srcset=\",http:\/\/russtico.com\/wp-content\/uploads\/2021\/08\/el-mirador-en-guatemala.jpg 1023w\" sizes=\"auto, 250px\"\/><\/a><\/div><div class=\"sgb-item\"><a href=\"http:\/\/russtico.com\/wp-content\/uploads\/2020\/01\/tikal-guatemala-shutterstock_360335330-1024x681-1.jpg\"><img decoding=\"async\" alt=\"\" width=\"1024\" height=\"681\" loading=\"lazy\" src=\"http:\/\/russtico.com\/wp-content\/uploads\/2020\/01\/tikal-guatemala-shutterstock_360335330-1024x681-1.jpg\" srcset=\",http:\/\/russtico.com\/wp-content\/uploads\/2020\/01\/tikal-guatemala-shutterstock_360335330-1024x681-1.jpg 1024w\" sizes=\"auto, 250px\"\/><\/a><\/div><div class=\"sgb-item\"><a href=\"http:\/\/russtico.com\/wp-content\/uploads\/2020\/01\/AntiguaGuatemalavolcan-1.jpg\"><img decoding=\"async\" alt=\"\" width=\"1920\" height=\"1080\" loading=\"lazy\" src=\"http:\/\/russtico.com\/wp-content\/uploads\/2020\/01\/AntiguaGuatemalavolcan-1.jpg\" srcset=\",http:\/\/russtico.com\/wp-content\/uploads\/2020\/01\/AntiguaGuatemalavolcan-1.jpg 1920w\" sizes=\"auto, 250px\"\/><\/a><\/div><div class=\"sgb-item\"><a href=\"http:\/\/russtico.com\/wp-content\/uploads\/2020\/01\/Flores-Guatemala.jpg\"><img decoding=\"async\" alt=\"\" width=\"1000\" height=\"638\" loading=\"lazy\" src=\"http:\/\/russtico.com\/wp-content\/uploads\/2020\/01\/Flores-Guatemala.jpg\" srcset=\",http:\/\/russtico.com\/wp-content\/uploads\/2020\/01\/Flores-Guatemala.jpg 1000w\" sizes=\"auto, 250px\"\/><\/a><\/div><div class=\"sgb-item\"><a href=\"http:\/\/russtico.com\/wp-content\/uploads\/2020\/01\/Semuc-Champey-en-Guatemala-1024x684-1.jpg\"><img decoding=\"async\" alt=\"\" width=\"1024\" height=\"684\" loading=\"lazy\" src=\"http:\/\/russtico.com\/wp-content\/uploads\/2020\/01\/Semuc-Champey-en-Guatemala-1024x684-1.jpg\" srcset=\",http:\/\/russtico.com\/wp-content\/uploads\/2020\/01\/Semuc-Champey-en-Guatemala-1024x684-1.jpg 1024w\" sizes=\"auto, 250px\"\/><\/a><\/div><div class=\"sgb-item\"><a href=\"http:\/\/russtico.com\/wp-content\/uploads\/2020\/01\/Rio-Dulce-Guatemala-3-1024x768-2.jpg\"><img decoding=\"async\" alt=\"\" width=\"1024\" height=\"768\" loading=\"lazy\" src=\"http:\/\/russtico.com\/wp-content\/uploads\/2020\/01\/Rio-Dulce-Guatemala-3-1024x768-2.jpg\" srcset=\",http:\/\/russtico.com\/wp-content\/uploads\/2020\/01\/Rio-Dulce-Guatemala-3-1024x768-2.jpg 1024w\" sizes=\"auto, 250px\"\/><\/a><\/div><div class=\"sgb-item\"><a href=\"http:\/\/russtico.com\/wp-content\/uploads\/2022\/06\/Guatemala.jpeg\"><img decoding=\"async\" alt=\"\" width=\"1024\" height=\"721\" loading=\"lazy\" src=\"http:\/\/russtico.com\/wp-content\/uploads\/2022\/06\/Guatemala.jpeg\" srcset=\",http:\/\/russtico.com\/wp-content\/uploads\/2022\/06\/Guatemala.jpeg 1024w\" sizes=\"auto, 250px\"\/><\/a><\/div><\/div><\/div><script type=\"application\/json\" class=\"sgb-data\">{\"galleryType\":\"pgc_sgb_masonry\",\"galleryId\":\"32b63673\",\"images\":[{\"id\":2409,\"title\":\"vista-volcan-pacaya-santiago-billy-885x500\",\"url\":\"http:\/\/russtico.com\/wp-content\/uploads\/2020\/01\/vista-volcan-pacaya-santiago-billy-885x500-1.jpg\",\"link\":\"https:\/\/russtico.com\/?attachment_id=2409\",\"alt\":\"\",\"description\":\"\",\"caption\":\"\",\"mime\":\"image\/jpeg\",\"type\":\"image\",\"width\":885,\"height\":500,\"sizes\":{\"full\":{\"url\":\"http:\/\/russtico.com\/wp-content\/uploads\/2020\/01\/vista-volcan-pacaya-santiago-billy-885x500-1.jpg\",\"height\":500,\"width\":885,\"orientation\":\"landscape\"}},\"imageMeta\":{\"aperture\":\"0\",\"credit\":\"\",\"camera\":\"\",\"caption\":\"\",\"created_timestamp\":\"0\",\"copyright\":\"\",\"focal_length\":\"0\",\"iso\":\"0\",\"shutter_speed\":\"0\",\"title\":\"\",\"orientation\":\"0\",\"keywords\":[]},\"meta\":false},{\"id\":2444,\"title\":\"Castillo-de-San-Felipe-de-Lara-en-Izabal-1024x767\",\"url\":\"http:\/\/russtico.com\/wp-content\/uploads\/2020\/01\/Castillo-de-San-Felipe-de-Lara-en-Izabal-1024x767-1.jpg\",\"link\":\"https:\/\/russtico.com\/?attachment_id=2444\",\"alt\":\"\",\"description\":\"\",\"caption\":\"\",\"mime\":\"image\/jpeg\",\"type\":\"image\",\"width\":1024,\"height\":767,\"sizes\":{\"full\":{\"url\":\"http:\/\/russtico.com\/wp-content\/uploads\/2020\/01\/Castillo-de-San-Felipe-de-Lara-en-Izabal-1024x767-1.jpg\",\"height\":767,\"width\":1024,\"orientation\":\"landscape\"}},\"imageMeta\":{\"aperture\":\"0\",\"credit\":\"\",\"camera\":\"\",\"caption\":\"\",\"created_timestamp\":\"0\",\"copyright\":\"\",\"focal_length\":\"0\",\"iso\":\"0\",\"shutter_speed\":\"0\",\"title\":\"\",\"orientation\":\"0\",\"keywords\":[]},\"meta\":false},{\"id\":3684,\"title\":\"antigua-2\",\"url\":\"http:\/\/russtico.com\/wp-content\/uploads\/2022\/02\/antigua-2.jpeg\",\"link\":\"https:\/\/russtico.com\/?attachment_id=3684\",\"alt\":\"\",\"description\":\"\",\"caption\":\"\",\"mime\":\"image\/jpeg\",\"type\":\"image\",\"width\":1024,\"height\":683,\"sizes\":{\"full\":{\"url\":\"http:\/\/russtico.com\/wp-content\/uploads\/2022\/02\/antigua-2.jpeg\",\"height\":683,\"width\":1024,\"orientation\":\"landscape\"}},\"imageMeta\":{\"aperture\":\"4\",\"credit\":\"\",\"camera\":\"Canon EOS 5D Mark IV\",\"caption\":\"\",\"created_timestamp\":\"1567144217\",\"copyright\":\"\",\"focal_length\":\"75\",\"iso\":\"640\",\"shutter_speed\":\"0.005\",\"title\":\"\",\"orientation\":\"0\",\"keywords\":[]},\"meta\":false},{\"id\":4082,\"title\":\"ANTIGUA \\u002d\\u002d FREDY MURPHY CMYK\",\"url\":\"http:\/\/russtico.com\/wp-content\/uploads\/2022\/06\/ANTIGUA-FREDY-MURPHY-CMYK.jpg\",\"link\":\"https:\/\/russtico.com\/?attachment_id=4082\",\"alt\":\"\",\"description\":\"\",\"caption\":\"\",\"mime\":\"image\/jpeg\",\"type\":\"image\",\"width\":1024,\"height\":643,\"sizes\":{\"full\":{\"url\":\"http:\/\/russtico.com\/wp-content\/uploads\/2022\/06\/ANTIGUA-FREDY-MURPHY-CMYK.jpg\",\"height\":643,\"width\":1024,\"orientation\":\"landscape\"}},\"imageMeta\":{\"aperture\":\"0\",\"credit\":\"\",\"camera\":\"\",\"caption\":\"\",\"created_timestamp\":\"0\",\"copyright\":\"\",\"focal_length\":\"0\",\"iso\":\"0\",\"shutter_speed\":\"0\",\"title\":\"\",\"orientation\":\"1\",\"keywords\":[]},\"meta\":false},{\"id\":1968,\"title\":\"antigua-1051124\",\"url\":\"http:\/\/russtico.com\/wp-content\/uploads\/2019\/07\/antigua-1051124.jpg\",\"link\":\"https:\/\/russtico.com\/?attachment_id=1968\",\"alt\":\"\",\"description\":\"\",\"caption\":\"\",\"mime\":\"image\/jpeg\",\"type\":\"image\",\"width\":2272,\"height\":1704,\"sizes\":{\"full\":{\"url\":\"http:\/\/russtico.com\/wp-content\/uploads\/2019\/07\/antigua-1051124.jpg\",\"height\":1704,\"width\":2272,\"orientation\":\"landscape\"}},\"imageMeta\":{\"aperture\":\"5.6\",\"credit\":\"\",\"camera\":\"DiMAGE F200\",\"caption\":\"\",\"created_timestamp\":\"0\",\"copyright\":\"\",\"focal_length\":\"7.8\",\"iso\":\"100\",\"shutter_speed\":\"0.0013333333333333\",\"title\":\"\",\"orientation\":\"0\",\"keywords\":[]},\"meta\":false},{\"id\":2441,\"title\":\"hotel atitlan 2\",\"url\":\"http:\/\/russtico.com\/wp-content\/uploads\/2020\/01\/hotel-atitlan-2.jpg\",\"link\":\"https:\/\/russtico.com\/?attachment_id=2441\",\"alt\":\"\",\"description\":\"\",\"caption\":\"\",\"mime\":\"image\/jpeg\",\"type\":\"image\",\"width\":1024,\"height\":768,\"sizes\":{\"full\":{\"url\":\"http:\/\/russtico.com\/wp-content\/uploads\/2020\/01\/hotel-atitlan-2.jpg\",\"height\":768,\"width\":1024,\"orientation\":\"landscape\"}},\"imageMeta\":{\"aperture\":\"0\",\"credit\":\"\",\"camera\":\"\",\"caption\":\"\",\"created_timestamp\":\"0\",\"copyright\":\"\",\"focal_length\":\"0\",\"iso\":\"0\",\"shutter_speed\":\"0\",\"title\":\"\",\"orientation\":\"0\",\"keywords\":[]},\"meta\":false},{\"id\":2440,\"title\":\"Hotel Atitlan\",\"url\":\"http:\/\/russtico.com\/wp-content\/uploads\/2020\/01\/Hotel-Atitlan.jpg\",\"link\":\"https:\/\/russtico.com\/?attachment_id=2440\",\"alt\":\"\",\"description\":\"\",\"caption\":\"\",\"mime\":\"image\/jpeg\",\"type\":\"image\",\"width\":1100,\"height\":733,\"sizes\":{\"full\":{\"url\":\"http:\/\/russtico.com\/wp-content\/uploads\/2020\/01\/Hotel-Atitlan.jpg\",\"height\":733,\"width\":1100,\"orientation\":\"landscape\"}},\"imageMeta\":{\"aperture\":\"0\",\"credit\":\"\",\"camera\":\"\",\"caption\":\"\",\"created_timestamp\":\"0\",\"copyright\":\"\",\"focal_length\":\"0\",\"iso\":\"0\",\"shutter_speed\":\"0\",\"title\":\"\",\"orientation\":\"0\",\"keywords\":[]},\"meta\":false},{\"id\":2219,\"title\":\"lago atitlan\",\"url\":\"http:\/\/russtico.com\/wp-content\/uploads\/2019\/12\/lago-atitlan.jpg\",\"link\":\"https:\/\/russtico.com\/?attachment_id=2219\",\"alt\":\"\",\"description\":\"\",\"caption\":\"\",\"mime\":\"image\/jpeg\",\"type\":\"image\",\"width\":1024,\"height\":683,\"sizes\":{\"full\":{\"url\":\"http:\/\/russtico.com\/wp-content\/uploads\/2019\/12\/lago-atitlan.jpg\",\"height\":683,\"width\":1024,\"orientation\":\"landscape\"}},\"imageMeta\":{\"aperture\":\"0\",\"credit\":\"\",\"camera\":\"\",\"caption\":\"\",\"created_timestamp\":\"0\",\"copyright\":\"\",\"focal_length\":\"0\",\"iso\":\"0\",\"shutter_speed\":\"0\",\"title\":\"\",\"orientation\":\"0\",\"keywords\":[]},\"meta\":false},{\"id\":3409,\"title\":\"temple-great-jaguar-tikal\",\"url\":\"http:\/\/russtico.com\/wp-content\/uploads\/2021\/08\/temple-great-jaguar-tikal.jpg\",\"link\":\"https:\/\/russtico.com\/?attachment_id=3409\",\"alt\":\"\",\"description\":\"\",\"caption\":\"\",\"mime\":\"image\/jpeg\",\"type\":\"image\",\"width\":1900,\"height\":1267,\"sizes\":{\"full\":{\"url\":\"http:\/\/russtico.com\/wp-content\/uploads\/2021\/08\/temple-great-jaguar-tikal.jpg\",\"height\":1267,\"width\":1900,\"orientation\":\"landscape\"}},\"imageMeta\":{\"aperture\":\"0\",\"credit\":\"\",\"camera\":\"\",\"caption\":\"\",\"created_timestamp\":\"0\",\"copyright\":\"\",\"focal_length\":\"0\",\"iso\":\"0\",\"shutter_speed\":\"0\",\"title\":\"\",\"orientation\":\"0\",\"keywords\":[]},\"meta\":false},{\"id\":1974,\"title\":\"Tikal foto\",\"url\":\"http:\/\/russtico.com\/wp-content\/uploads\/2019\/07\/Tikal-foto.jpg\",\"link\":\"https:\/\/russtico.com\/?attachment_id=1974\",\"alt\":\"\",\"description\":\"\",\"caption\":\"\",\"mime\":\"image\/jpeg\",\"type\":\"image\",\"width\":1500,\"height\":1001,\"sizes\":{\"full\":{\"url\":\"http:\/\/russtico.com\/wp-content\/uploads\/2019\/07\/Tikal-foto.jpg\",\"height\":1001,\"width\":1500,\"orientation\":\"landscape\"}},\"imageMeta\":{\"aperture\":\"3.5\",\"credit\":\"Erwin Farfan\",\"camera\":\"NIKON D600\",\"caption\":\"\",\"created_timestamp\":\"1505231429\",\"copyright\":\"\",\"focal_length\":\"24\",\"iso\":\"100\",\"shutter_speed\":\"0.0025\",\"title\":\"\",\"orientation\":\"1\",\"keywords\":[]},\"meta\":false},{\"id\":3414,\"title\":\"el-mirador-en-guatemala\",\"url\":\"http:\/\/russtico.com\/wp-content\/uploads\/2021\/08\/el-mirador-en-guatemala.jpg\",\"link\":\"https:\/\/russtico.com\/?attachment_id=3414\",\"alt\":\"\",\"description\":\"\",\"caption\":\"\",\"mime\":\"image\/jpeg\",\"type\":\"image\",\"width\":1023,\"height\":630,\"sizes\":{\"full\":{\"url\":\"http:\/\/russtico.com\/wp-content\/uploads\/2021\/08\/el-mirador-en-guatemala.jpg\",\"height\":630,\"width\":1023,\"orientation\":\"landscape\"}},\"imageMeta\":{\"aperture\":\"0\",\"credit\":\"\",\"camera\":\"\",\"caption\":\"\",\"created_timestamp\":\"0\",\"copyright\":\"\",\"focal_length\":\"0\",\"iso\":\"0\",\"shutter_speed\":\"0\",\"title\":\"\",\"orientation\":\"0\",\"keywords\":[]},\"meta\":false},{\"id\":2437,\"title\":\"tikal-guatemala-shutterstock_360335330-1024x681\",\"url\":\"http:\/\/russtico.com\/wp-content\/uploads\/2020\/01\/tikal-guatemala-shutterstock_360335330-1024x681-1.jpg\",\"link\":\"https:\/\/russtico.com\/?attachment_id=2437\",\"alt\":\"\",\"description\":\"\",\"caption\":\"\",\"mime\":\"image\/jpeg\",\"type\":\"image\",\"width\":1024,\"height\":681,\"sizes\":{\"full\":{\"url\":\"http:\/\/russtico.com\/wp-content\/uploads\/2020\/01\/tikal-guatemala-shutterstock_360335330-1024x681-1.jpg\",\"height\":681,\"width\":1024,\"orientation\":\"landscape\"}},\"imageMeta\":{\"aperture\":\"0\",\"credit\":\"\",\"camera\":\"\",\"caption\":\"\",\"created_timestamp\":\"0\",\"copyright\":\"\",\"focal_length\":\"0\",\"iso\":\"0\",\"shutter_speed\":\"0\",\"title\":\"\",\"orientation\":\"0\",\"keywords\":[]},\"meta\":false},{\"id\":2424,\"title\":\"AntiguaGuatemalavolcan\",\"url\":\"http:\/\/russtico.com\/wp-content\/uploads\/2020\/01\/AntiguaGuatemalavolcan-1.jpg\",\"link\":\"https:\/\/russtico.com\/?attachment_id=2424\\u0026lang=es\",\"alt\":\"\",\"description\":\"\",\"caption\":\"\",\"mime\":\"image\/jpeg\",\"type\":\"image\",\"width\":1920,\"height\":1080,\"sizes\":{\"full\":{\"url\":\"http:\/\/russtico.com\/wp-content\/uploads\/2020\/01\/AntiguaGuatemalavolcan-1.jpg\",\"height\":1080,\"width\":1920,\"orientation\":\"landscape\"}},\"imageMeta\":{\"aperture\":\"0\",\"credit\":\"\",\"camera\":\"\",\"caption\":\"\",\"created_timestamp\":\"0\",\"copyright\":\"\",\"focal_length\":\"0\",\"iso\":\"0\",\"shutter_speed\":\"0\",\"title\":\"\",\"orientation\":\"0\",\"keywords\":[]},\"meta\":false},{\"id\":2415,\"title\":\"Flores-Guatemala\",\"url\":\"http:\/\/russtico.com\/wp-content\/uploads\/2020\/01\/Flores-Guatemala.jpg\",\"link\":\"https:\/\/russtico.com\/?attachment_id=2415\",\"alt\":\"\",\"description\":\"\",\"caption\":\"\",\"mime\":\"image\/jpeg\",\"type\":\"image\",\"width\":1000,\"height\":638,\"sizes\":{\"full\":{\"url\":\"http:\/\/russtico.com\/wp-content\/uploads\/2020\/01\/Flores-Guatemala.jpg\",\"height\":638,\"width\":1000,\"orientation\":\"landscape\"}},\"imageMeta\":{\"aperture\":\"0\",\"credit\":\"\",\"camera\":\"\",\"caption\":\"\",\"created_timestamp\":\"0\",\"copyright\":\"\",\"focal_length\":\"0\",\"iso\":\"0\",\"shutter_speed\":\"0\",\"title\":\"\",\"orientation\":\"0\",\"keywords\":[]},\"meta\":false},{\"id\":2443,\"title\":\"Semuc-Champey-en-Guatemala-1024x684\",\"url\":\"http:\/\/russtico.com\/wp-content\/uploads\/2020\/01\/Semuc-Champey-en-Guatemala-1024x684-1.jpg\",\"link\":\"https:\/\/russtico.com\/?attachment_id=2443\",\"alt\":\"\",\"description\":\"\",\"caption\":\"\",\"mime\":\"image\/jpeg\",\"type\":\"image\",\"width\":1024,\"height\":684,\"sizes\":{\"full\":{\"url\":\"http:\/\/russtico.com\/wp-content\/uploads\/2020\/01\/Semuc-Champey-en-Guatemala-1024x684-1.jpg\",\"height\":684,\"width\":1024,\"orientation\":\"landscape\"}},\"imageMeta\":{\"aperture\":\"0\",\"credit\":\"\",\"camera\":\"\",\"caption\":\"\",\"created_timestamp\":\"0\",\"copyright\":\"\",\"focal_length\":\"0\",\"iso\":\"0\",\"shutter_speed\":\"0\",\"title\":\"\",\"orientation\":\"0\",\"keywords\":[]},\"meta\":false},{\"id\":2439,\"title\":\"R\u00edo-Dulce-Guatemala-3-1024x768\",\"url\":\"http:\/\/russtico.com\/wp-content\/uploads\/2020\/01\/Rio-Dulce-Guatemala-3-1024x768-2.jpg\",\"link\":\"https:\/\/russtico.com\/?attachment_id=2439\",\"alt\":\"\",\"description\":\"\",\"caption\":\"\",\"mime\":\"image\/jpeg\",\"type\":\"image\",\"width\":1024,\"height\":768,\"sizes\":{\"full\":{\"url\":\"http:\/\/russtico.com\/wp-content\/uploads\/2020\/01\/Rio-Dulce-Guatemala-3-1024x768-2.jpg\",\"height\":768,\"width\":1024,\"orientation\":\"landscape\"}},\"imageMeta\":{\"aperture\":\"0\",\"credit\":\"\",\"camera\":\"\",\"caption\":\"\",\"created_timestamp\":\"0\",\"copyright\":\"\",\"focal_length\":\"0\",\"iso\":\"0\",\"shutter_speed\":\"0\",\"title\":\"\",\"orientation\":\"0\",\"keywords\":[]},\"meta\":false},{\"id\":4080,\"title\":\"Guatemala\",\"url\":\"http:\/\/russtico.com\/wp-content\/uploads\/2022\/06\/Guatemala.jpeg\",\"link\":\"https:\/\/russtico.com\/?attachment_id=4080\",\"alt\":\"\",\"description\":\"\",\"caption\":\"\",\"mime\":\"image\/jpeg\",\"type\":\"image\",\"width\":1024,\"height\":721,\"sizes\":{\"full\":{\"url\":\"http:\/\/russtico.com\/wp-content\/uploads\/2022\/06\/Guatemala.jpeg\",\"height\":721,\"width\":1024,\"orientation\":\"landscape\"}},\"imageMeta\":{\"aperture\":\"11\",\"credit\":\"\",\"camera\":\"Canon EOS 5D Mark IV\",\"caption\":\"\",\"created_timestamp\":\"1612885023\",\"copyright\":\"\",\"focal_length\":\"11\",\"iso\":\"400\",\"shutter_speed\":\"0.00625\",\"title\":\"\",\"orientation\":\"0\",\"keywords\":[]},\"meta\":false}],\"itemsMetaDataCollection\":[]}<\/script><script>(function(){if(window.PGC_SGB && window.PGC_SGB.searcher){window.PGC_SGB.searcher.initBlocks()}})()<\/script><\/div>","protected":false},"excerpt":{"rendered":"<p>Guatemala es un pa\u00eds rico en cultura, historia y paisajes naturales impresionantes, lo que lo convierte en un destino tur\u00edstico muy atractivo. A continuaci\u00f3n, te presento algunos de los principales atractivos tur\u00edsticos de Guatemala: Estos son solo algunos de los muchos atractivos tur\u00edsticos que Guatemala tiene para ofrecer. \u00a1No dudes en visitar este hermoso pa\u00eds [&hellip;]<\/p>\n","protected":false},"author":1,"featured_media":0,"parent":0,"menu_order":0,"comment_status":"closed","ping_status":"closed","template":"","meta":{"pgc_sgb_lightbox_settings":"","_bos_mb_destination":["",""],"footnotes":""},"class_list":["post-4685","page","type-page","status-publish","hentry"],"blocksy_meta":{"styles_descriptor":{"styles":{"desktop":"","tablet":"","mobile":""},"google_fonts":[],"version":6}},"_links":{"self":[{"href":"https:\/\/russtico.com\/index.php?rest_route=\/wp\/v2\/pages\/4685","targetHints":{"allow":["GET"]}}],"collection":[{"href":"https:\/\/russtico.com\/index.php?rest_route=\/wp\/v2\/pages"}],"about":[{"href":"https:\/\/russtico.com\/index.php?rest_route=\/wp\/v2\/types\/page"}],"author":[{"embeddable":true,"href":"https:\/\/russtico.com\/index.php?rest_route=\/wp\/v2\/users\/1"}],"replies":[{"embeddable":true,"href":"https:\/\/russtico.com\/index.php?rest_route=%2Fwp%2Fv2%2Fcomments&post=4685"}],"version-history":[{"count":0,"href":"https:\/\/russtico.com\/index.php?rest_route=\/wp\/v2\/pages\/4685\/revisions"}],"wp:attachment":[{"href":"https:\/\/russtico.com\/index.php?rest_route=%2Fwp%2Fv2%2Fmedia&parent=4685"}],"curies":[{"name":"wp","href":"https:\/\/api.w.org\/{rel}","templated":true}]}}