{"id":1583,"date":"2019-05-25T20:20:43","date_gmt":"2019-05-25T17:20:43","guid":{"rendered":"http:\/\/russtico.com\/?page_id=1583"},"modified":"2026-03-18T11:52:17","modified_gmt":"2026-03-18T14:52:17","slug":"sobre-nosotros","status":"publish","type":"page","link":"https:\/\/russtico.com\/?page_id=1583&lang=es","title":{"rendered":""},"content":{"rendered":"<div id=\"pl-1583\"  class=\"panel-layout\" ><div id=\"pg-1583-0\"  class=\"panel-grid panel-no-style\" ><div id=\"pgc-1583-0-0\"  class=\"panel-grid-cell\" ><div id=\"panel-1583-0-0-0\" class=\"so-panel widget widget_sow-headline panel-first-child\" data-index=\"0\" ><div class=\"panel-widget-style panel-widget-style-for-1583-0-0-0\" ><div\n\t\t\t\n\t\t\tclass=\"so-widget-sow-headline so-widget-sow-headline-default-ec1eb4cebc48-1583\"\n\t\t\t\n\t\t><div class=\"sow-headline-container \">\n\t\t\t\t\t\t\t<h2 class=\"sow-headline\">\n\t\t\t\t\t\tRUSS-TICO Travel Costa Rica &amp; Latin America\t\t\t\t\t\t<\/h2>\n\t\t\t\t\t\t\t\t\t\t\t<div class=\"decoration\">\n\t\t\t\t\t\t<div class=\"decoration-inside\"><\/div>\n\t\t\t\t\t<\/div>\n\t\t\t\t\t\t\t\t\t\t\t<h3 class=\"sow-sub-headline\">\n\t\t\t\t\t\tTour Operador Receptivo &amp; DMC en Am\u00e9rica Latina\t\t\t\t\t\t<\/h3>\n\t\t\t\t\t\t<\/div>\n<\/div><\/div><\/div><div id=\"panel-1583-0-0-1\" class=\"so-panel widget widget_sow-editor panel-last-child\" data-index=\"1\" ><div\n\t\t\t\n\t\t\tclass=\"so-widget-sow-editor so-widget-sow-editor-base\"\n\t\t\t\n\t\t>\n<div class=\"siteorigin-widget-tinymce textwidget\">\n\t<p>Russ-Tico Travel Costa Rica &amp; Latin America \u2013 tour operador receptivo y DMC (Destination Managemant Company) desde el a\u00f1o 2006 y agencia de viajes emisora, con la oficina principal en Heredia, Costa Rica y sucursales en Panam\u00e1, Nicaragua, Guatemala y Bolivia, te invita a conocer nuestros circuitos tur\u00edsticos por Costa Rica y Am\u00e9rica Latina y disfrutar las maravillas naturales, hist\u00f3ricas, arquitect\u00f3nicas y gastron\u00f3micas que ofrecen los pa\u00edses de esta regi\u00f3n.<\/p>\n<p>El equipo de Russ-Tico Travel es internacional, multicultural y con larga trayectoria en el \u00e1mbito de turismo. Lo que nos facilita entender los requerimientos y cumplir las expectativas de viaje a nuestros clientes de diferentes partes del Mundo, ofreci\u00e9ndoles el servicio de alta calidad.<\/p>\n<p>Nuestros gu\u00edas tur\u00edsticos son profesionales y autorizados por las autoridades de turismo de cada pa\u00eds, hablan su idioma nativo: espa\u00f1ol, ingl\u00e9s, alem\u00e1n, ruso, mandar\u00edn, italiano y muchos otros, tienen amplia experiencia y profundo conocimiento en el destino.<\/p>\n<p>Tenemos una gran flota de transporte terrestre c\u00f3modo, desde la clase econ\u00f3mica hasta la clase ejecutiva y de lujo.<\/p>\n<p>Debido a que hemos estado cooperando con los mejores hoteles de Am\u00e9rica Latina durante m\u00e1s de 15 a\u00f1os, tenemos contratos exclusivos con los hoteles m\u00e1s populares y alojamientos exclusivas, como villas y hoteles boutique.<\/p>\n<p>Nuestra tarea es ayudarlo a elegir la mejor opci\u00f3n de recreaci\u00f3n y aventura para todos los que quieran visitar los pa\u00edses de Am\u00e9rica Latina y ser su gu\u00eda .<\/p>\n<p>&nbsp;<\/p>\n<p><strong>\u00a1Russ-Tico Travel \u2013 tu familia en Am\u00e9rica Latina!<\/strong><\/p>\n<\/div>\n<\/div><\/div><\/div><\/div><div id=\"pg-1583-1\"  class=\"panel-grid panel-no-style\" ><div id=\"pgc-1583-1-0\"  class=\"panel-grid-cell\" ><div id=\"panel-1583-1-0-0\" class=\"widget_text so-panel widget widget_custom_html panel-first-child panel-last-child\" data-index=\"2\" ><div class=\"textwidget custom-html-widget\"><p><a name=\"we\"><\/a><\/p><\/div><\/div><\/div><\/div><div id=\"pg-1583-2\"  class=\"panel-grid panel-no-style\" ><div id=\"pgc-1583-2-0\"  class=\"panel-grid-cell\" ><div id=\"panel-1583-2-0-0\" class=\"so-panel widget widget_media_gallery panel-first-child panel-last-child\" data-index=\"3\" ><h3 class=\"widget-title\">Nuestro equipo<\/h3><div id='gallery-1' class='gallery galleryid-1583 gallery-columns-3 gallery-size-medium'><figure class='gallery-item'>\n\t\t\t<div class='gallery-icon portrait'>\n\t\t\t\t<a href='https:\/\/russtico.com\/?attachment_id=6312'><img loading=\"lazy\" decoding=\"async\" width=\"233\" height=\"300\" src=\"https:\/\/russtico.com\/wp-content\/uploads\/2026\/03\/80174a03-0758-4190-8c3d-5995d9ec152e.jpg\" class=\"attachment-medium size-medium\" alt=\"\" aria-describedby=\"gallery-1-6312\" \/><\/a>\n\t\t\t<\/div>\n\t\t\t\t<figcaption class='wp-caption-text gallery-caption' id='gallery-1-6312'>\n\t\t\t\tMaria Borovik\n\t\t\t\t<\/figcaption><\/figure><figure class='gallery-item'>\n\t\t\t<div class='gallery-icon portrait'>\n\t\t\t\t<a href='https:\/\/russtico.com\/?attachment_id=6314'><img loading=\"lazy\" decoding=\"async\" width=\"225\" height=\"300\" src=\"https:\/\/russtico.com\/wp-content\/uploads\/2026\/03\/fcfa8268-25ab-47fe-b4a8-bfb1d6996b16.jpg\" class=\"attachment-medium size-medium\" alt=\"\" aria-describedby=\"gallery-1-6314\" \/><\/a>\n\t\t\t<\/div>\n\t\t\t\t<figcaption class='wp-caption-text gallery-caption' id='gallery-1-6314'>\n\t\t\t\tGeorg Kiechle\n\t\t\t\t<\/figcaption><\/figure><figure class='gallery-item'>\n\t\t\t<div class='gallery-icon portrait'>\n\t\t\t\t<a href='https:\/\/russtico.com\/?attachment_id=6311'><img loading=\"lazy\" decoding=\"async\" width=\"225\" height=\"300\" src=\"https:\/\/russtico.com\/wp-content\/uploads\/2026\/03\/ae1811f9-f7d3-4dbb-b9fb-47ee40180210.jpg\" class=\"attachment-medium size-medium\" alt=\"\" aria-describedby=\"gallery-1-6311\" \/><\/a>\n\t\t\t<\/div>\n\t\t\t\t<figcaption class='wp-caption-text gallery-caption' id='gallery-1-6311'>\n\t\t\t\tPavel Dar\u00edo Rodr\u00edguez\n\t\t\t\t<\/figcaption><\/figure><figure class='gallery-item'>\n\t\t\t<div class='gallery-icon portrait'>\n\t\t\t\t<a href='https:\/\/russtico.com\/?attachment_id=6313'><img loading=\"lazy\" decoding=\"async\" width=\"225\" height=\"300\" src=\"https:\/\/russtico.com\/wp-content\/uploads\/2026\/03\/d47e296e-794e-493c-80c0-924a263c9029.jpg\" class=\"attachment-medium size-medium\" alt=\"\" aria-describedby=\"gallery-1-6313\" \/><\/a>\n\t\t\t<\/div>\n\t\t\t\t<figcaption class='wp-caption-text gallery-caption' id='gallery-1-6313'>\n\t\t\t\tSvyat Bilov\n\t\t\t\t<\/figcaption><\/figure><figure class='gallery-item'>\n\t\t\t<div class='gallery-icon portrait'>\n\t\t\t\t<a href='https:\/\/russtico.com\/?attachment_id=6315'><img loading=\"lazy\" decoding=\"async\" width=\"225\" height=\"300\" src=\"https:\/\/russtico.com\/wp-content\/uploads\/2026\/03\/f4c81806-1752-4099-a4c7-f885d38ce182.jpg\" class=\"attachment-medium size-medium\" alt=\"\" aria-describedby=\"gallery-1-6315\" \/><\/a>\n\t\t\t<\/div>\n\t\t\t\t<figcaption class='wp-caption-text gallery-caption' id='gallery-1-6315'>\n\t\t\t\tYaroslav Bilov\n\t\t\t\t<\/figcaption><\/figure><figure class='gallery-item'>\n\t\t\t<div class='gallery-icon portrait'>\n\t\t\t\t<a href='https:\/\/russtico.com\/?attachment_id=6320'><img loading=\"lazy\" decoding=\"async\" width=\"225\" height=\"300\" src=\"https:\/\/russtico.com\/wp-content\/uploads\/2026\/03\/2fb3d4ea-c8fd-47e8-9c76-31727658fe8e-1.jpg\" class=\"attachment-medium size-medium\" alt=\"\" aria-describedby=\"gallery-1-6320\" \/><\/a>\n\t\t\t<\/div>\n\t\t\t\t<figcaption class='wp-caption-text gallery-caption' id='gallery-1-6320'>\n\t\t\t\tVladimir Bilov\n\t\t\t\t<\/figcaption><\/figure><figure class='gallery-item'>\n\t\t\t<div class='gallery-icon portrait'>\n\t\t\t\t<a href='https:\/\/russtico.com\/?attachment_id=6316'><img loading=\"lazy\" decoding=\"async\" width=\"225\" height=\"300\" src=\"https:\/\/russtico.com\/wp-content\/uploads\/2026\/03\/86109978-0c88-468e-8723-2370519846f6.jpg\" class=\"attachment-medium size-medium\" alt=\"\" aria-describedby=\"gallery-1-6316\" \/><\/a>\n\t\t\t<\/div>\n\t\t\t\t<figcaption class='wp-caption-text gallery-caption' id='gallery-1-6316'>\n\t\t\t\tJuan Carlos Caz\u00fan\n\t\t\t\t<\/figcaption><\/figure><figure class='gallery-item'>\n\t\t\t<div class='gallery-icon portrait'>\n\t\t\t\t<a href='https:\/\/russtico.com\/?attachment_id=6317'><img loading=\"lazy\" decoding=\"async\" width=\"225\" height=\"300\" src=\"https:\/\/russtico.com\/wp-content\/uploads\/2026\/03\/Diseno-sin-titulo1.png\" class=\"attachment-medium size-medium\" alt=\"\" aria-describedby=\"gallery-1-6317\" \/><\/a>\n\t\t\t<\/div>\n\t\t\t\t<figcaption class='wp-caption-text gallery-caption' id='gallery-1-6317'>\n\t\t\t\tEustacio Arosemena\n\t\t\t\t<\/figcaption><\/figure><figure class='gallery-item'>\n\t\t\t<div class='gallery-icon portrait'>\n\t\t\t\t<a href='https:\/\/russtico.com\/?attachment_id=6321'><img loading=\"lazy\" decoding=\"async\" width=\"225\" height=\"300\" src=\"https:\/\/russtico.com\/wp-content\/uploads\/2026\/03\/54be3bbc-33c4-452c-b595-7f5d7a261d131.jpg\" class=\"attachment-medium size-medium\" alt=\"\" aria-describedby=\"gallery-1-6321\" \/><\/a>\n\t\t\t<\/div>\n\t\t\t\t<figcaption class='wp-caption-text gallery-caption' id='gallery-1-6321'>\n\t\t\t\tTatiana Ryndina\n\t\t\t\t<\/figcaption><\/figure><figure class='gallery-item'>\n\t\t\t<div class='gallery-icon portrait'>\n\t\t\t\t<a href='https:\/\/russtico.com\/?attachment_id=6327'><img loading=\"lazy\" decoding=\"async\" width=\"225\" height=\"300\" src=\"https:\/\/russtico.com\/wp-content\/uploads\/2026\/03\/8624c3b3-9f61-4ec5-893a-bec6e8368981.jpg\" class=\"attachment-medium size-medium\" alt=\"\" aria-describedby=\"gallery-1-6327\" \/><\/a>\n\t\t\t<\/div>\n\t\t\t\t<figcaption class='wp-caption-text gallery-caption' id='gallery-1-6327'>\n\t\t\t\tLeo Otoya\n\t\t\t\t<\/figcaption><\/figure><figure class='gallery-item'>\n\t\t\t<div class='gallery-icon portrait'>\n\t\t\t\t<a href='https:\/\/russtico.com\/?attachment_id=6329'><img loading=\"lazy\" decoding=\"async\" width=\"225\" height=\"300\" src=\"https:\/\/russtico.com\/wp-content\/uploads\/2026\/03\/Diseno-sin-titulo2.png\" class=\"attachment-medium size-medium\" alt=\"\" aria-describedby=\"gallery-1-6329\" \/><\/a>\n\t\t\t<\/div>\n\t\t\t\t<figcaption class='wp-caption-text gallery-caption' id='gallery-1-6329'>\n\t\t\t\tMarlon Hern\u00e1ndez\n\t\t\t\t<\/figcaption><\/figure><figure class='gallery-item'>\n\t\t\t<div class='gallery-icon portrait'>\n\t\t\t\t<a href='https:\/\/russtico.com\/?attachment_id=6331'><img loading=\"lazy\" decoding=\"async\" width=\"225\" height=\"300\" src=\"https:\/\/russtico.com\/wp-content\/uploads\/2026\/03\/d43e1610-d3ea-4b18-b02f-99fadba6c2f1.jpg\" class=\"attachment-medium size-medium\" alt=\"\" aria-describedby=\"gallery-1-6331\" \/><\/a>\n\t\t\t<\/div>\n\t\t\t\t<figcaption class='wp-caption-text gallery-caption' id='gallery-1-6331'>\n\t\t\t\tAlejandro Otoya\n\t\t\t\t<\/figcaption><\/figure>\n\t\t<\/div>\n<\/div><\/div><\/div><\/div>","protected":false},"excerpt":{"rendered":"<p>Russ-Tico Travel Costa Rica &amp; Latin America \u2013 tour operador receptivo y DMC (Destination Managemant Company) desde el a\u00f1o 2006 y agencia de viajes emisora, con la oficina principal en Heredia, Costa Rica y sucursales en Panam\u00e1, Nicaragua, Guatemala y Bolivia, te invita a conocer nuestros circuitos tur\u00edsticos por Costa Rica y Am\u00e9rica Latina y [&hellip;]<\/p>\n","protected":false},"author":2,"featured_media":0,"parent":0,"menu_order":3,"comment_status":"closed","ping_status":"closed","template":"","meta":{"pgc_sgb_lightbox_settings":"","_bos_mb_destination":["",""],"footnotes":""},"class_list":["post-1583","page","type-page","status-publish","hentry"],"blocksy_meta":{"styles_descriptor":{"styles":{"desktop":"","tablet":"","mobile":""},"google_fonts":[],"version":6}},"_links":{"self":[{"href":"https:\/\/russtico.com\/index.php?rest_route=\/wp\/v2\/pages\/1583","targetHints":{"allow":["GET"]}}],"collection":[{"href":"https:\/\/russtico.com\/index.php?rest_route=\/wp\/v2\/pages"}],"about":[{"href":"https:\/\/russtico.com\/index.php?rest_route=\/wp\/v2\/types\/page"}],"author":[{"embeddable":true,"href":"https:\/\/russtico.com\/index.php?rest_route=\/wp\/v2\/users\/2"}],"replies":[{"embeddable":true,"href":"https:\/\/russtico.com\/index.php?rest_route=%2Fwp%2Fv2%2Fcomments&post=1583"}],"version-history":[{"count":11,"href":"https:\/\/russtico.com\/index.php?rest_route=\/wp\/v2\/pages\/1583\/revisions"}],"predecessor-version":[{"id":6342,"href":"https:\/\/russtico.com\/index.php?rest_route=\/wp\/v2\/pages\/1583\/revisions\/6342"}],"wp:attachment":[{"href":"https:\/\/russtico.com\/index.php?rest_route=%2Fwp%2Fv2%2Fmedia&parent=1583"}],"curies":[{"name":"wp","href":"https:\/\/api.w.org\/{rel}","templated":true}]}}